 + 23. Calculate the remainder when 43 is divided by m.
13
Let f(k) = -2*k - 4 + k - 2*k + k. Calculate the remainder when 58 is divided by f(-12).
18
Let o = 25 - 12. Let c(j) = -7*j + 3. What is the remainder when c(-3) is divided by o?
11
Let w(c) = -c - 4. Let r be w(-7). Suppose 3*d - 49 = q - 3*q, -71 = -r*q - 5*d. Let k = 7 + 4. What is the remainder when q is divided by k?
10
Let s(w) = 2*w + 1. What is the remainder when s(10) is divided by 8?
5
Suppose -5 = 2*t - 41. Calculate the remainder when 53 is divided by t.
17
Suppose -4*o + 98 = 3*s - 6*o, -4*s + 2*o + 134 = 0. Calculate the remainder when 178 is divided by s.
34
Let k(n) = 3*n**2 + n - 1. Let p be k(1). Suppose 4*g + p = -1. Calculate the remainder when (31 - g) + -6 + 7 is divided by 12.
9
Calculate the remainder when (28 + -7)*(-2)/(-6) is divided by 3.
1
Let j = 170 + -156. What is the remainder when 20 is divided by j?
6
Let n = 34 + -30. What is the remainder when n is divided by 3?
1
Suppose -4*f - 4*g + 23 = f, 5*f - 3*g = 44. Let r = 4 + 0. What is the remainder when f is divided by r?
3
Let x be (1 - 6/3) + 2. Let g be 2 + x/((-2)/(-56)). What is the remainder when -1 + g + (0 - 0) is divided by 10?
9
Let p(a) = -a**3 + 5*a**2 + a + 7. Calculate the remainder when 24/(-84) + (-830)/(-14) is divided by p(5).
11
Suppose 5*r = 15, -3*m - r = -2*m - 13. Suppose -4*p - 3 = -p. Let c = 5 + p. Calculate the remainder when m is divided by c.
2
Let l(q) = q**2 + q - 2. Let a be l(-3). Calculate the remainder when a/(24/(-183))*-2 is divided by 21.
19
Let w be (-36)/(-3) + 0/2. Suppose -w = -4*m + 6*n - 2*n, -17 = -3*m - n. Let u = m + -3. What is the remainder when u is divided by 1?
0
Suppose -3*h = -2*h - 9. Calculate the remainder when h is divided by 4.
1
Let w = 45 - 32. Calculate the remainder when 3/(9*-1)*-147 is divided by w.
10
Let y(p) = -31*p - 21. What is the remainder when y(-6) is divided by 17?
12
Suppose -2*z = 3*q - 233, -4*q - 6*z + z + 313 = 0. What is the remainder when q is divided by 20?
17
What is the remainder when 41 is divided by (-6)/24 + 45/4?
8
Let z(n) = 38 + 3*n**3 + 1 - 2*n**3. Suppose 3*m = -m. Calculate the remainder when z(m) is divided by 20.
19
Calculate the remainder when ((-567)/(-42))/((-1)/(-2)) is divided by 16.
11
Let f(q) = -q + 12. Suppose -2*l = -24 + 6. Let y be f(l). Suppose -4*w + y*b + 55 = 0, 18 - 3 = w - b. What is the remainder when 18 is divided by w?
8
Suppose -4*h - 5 = 3*i, -6 = -3*i + h - 1. What is the remainder when 17 + i + 9 + -10 is divided by 10?
7
Suppose 5*s + 4*j = -j + 525, 3*s - 4*j = 329. What is the remainder when s is divided by 10?
7
Let d(u) = -u + 8. Let p be d(6). Let w(v) = 3*v**2 + 4*v**2 - v + v**p. What is the remainder when w(-1) is divided by 3?
0
Suppose -5*j + 26 = -29. Suppose 0*g = g - 31. Calculate the remainder when g is divided by j.
9
Suppose 0 = 2*l - 4*l. Suppose l = -3*n + 115 - 10. Suppose 4*w - 19 - 31 = -2*u, 0 = -4*w - u + 49. Calculate the remainder when n is divided by w.
11
Let r(v) = -v + v + 3 + v. Let j be r(-7). Calculate the remainder when 17 is divided by (-23)/j + 2/8.
5
Let j(n) = n - 17. Let c be j(17). Suppose -2*b = 5*a - 33, 3*b - 37 = -5*a - c*b. Calculate the remainder when 17 is divided by a.
2
Let g(y) = 16*y**3 + y**2 - y + 1. Suppose 50 = 2*c + 6*m - 2*m, 0 = 5*c - 4*m - 167. What is the remainder when c is divided by g(1)?
14
Suppose 5*m - 64 = m. What is the remainder when (-6)/33 - (-996)/33 is divided by m?
14
Suppose 0 = 3*d - 270 + 9. Suppose 0 = 2*p - 5*i - 70, 0 = -p - 5*i - 4 + 24. Calculate the remainder when d is divided by p.
27
Let w = 18 + -1. Suppose 5*a - k - 53 = 0, -4*a + w = 4*k - 35. What is the remainder when 43 is divided by (-326)/(-22) + 2/a?
13
Suppose -2*n - 2*n = 0. Calculate the remainder when 36 is divided by (n + 16 + -3)*1.
10
Suppose 10 = 3*n + 4*j - 28, 0 = 2*n + 2*j - 26. Let m = -117 - -171. What is the remainder when m is divided by n?
12
Calculate the remainder when 20 is divided by (12/2)/2 - (3 - 13).
7
Let z(p) = -2*p**2 - 14*p + 12. Let n be z(-12). Calculate the remainder when (-691)/(-9) + (-24)/n is divided by 26.
25
What is the remainder when (-8)/1*18/(-12) is divided by 5?
2
Suppose -2*q - 3*b - 24 = 3*q, -4*b - 24 = 4*q. Let u = q + 3. Suppose u = 2*d - 7*d + 125. What is the remainder when d is divided by 13?
12
Calculate the remainder when 61 is divided by (-3 + 11)*(3 + -1).
13
Let w(y) = y - 4. Let z be w(2). Let r(o) = -o**3 - 2*o**2 - 2*o - 2. Calculate the remainder when r(z) is divided by 1.
0
Let y(v) = v + 5. Suppose -6 = -0*d + 2*d - 4*w, 4*d + w = 6. What is the remainder when y(-4) is divided by d?
0
Let i(h) = 7*h**3 - 2*h + 1. Let k be 0 - (2 + 3/(-1)). What is the remainder when i(k) is divided by 8/(-5)*30/(-12)?
2
Let f = -118 - -133. Calculate the remainder when f is divided by 6.
3
Suppose 2*l - 62 = -0*l + 4*n, 2*n = 3*l - 73. Calculate the remainder when l is divided by (1 - (-5)/3)*3.
5
Suppose 0 = -2*k - 2 + 8. Suppose 0*t - 3*o = 3*t - 21, 0 = -k*t + 5*o + 53. Calculate the remainder when 32 is divided by t.
10
Suppose -3*k - 1 + 10 = 0. Suppose -k*q = -12, 2*x - 41 = -5*q + 29. Let a = -20 + 29. Calculate the remainder when x is divided by a.
7
Let m = -5 + 18. Calculate the remainder when 51 is divided by m.
12
Suppose 5*k - 19 = -4*p, 19 = 3*p + k - 2*k. Let j = -4 + p. Suppose 0 = 7*w - 4*w - 12. Calculate the remainder when w is divided by j.
0
Suppose p = 5*j - 195, -6*j + 5*p = -4*j - 101. What is the remainder when j is divided by 10?
8
Let s(t) = -4*t**2 + 3*t - 2. Let m be s(3). Let d = -21 - m. What is the remainder when 30 is divided by d?
6
Suppose -u = -2*s, s + 6 = 5*u - 3*s. Suppose 1 = -u*a - 7. What is the remainder when 16 is divided by (-38)/a - (-1)/(-2)?
7
Let k be 0 - (-2 + (-12)/(-4)). What is the remainder when 5 is divided by (2 - 11)*k/3?
2
Let l(n) = -6*n + 8. Let y(f) = 6*f - 9. Let h(a) = -4*l(a) - 3*y(a). Let v = -19 - -32. Calculate the remainder when h(7) is divided by v.
11
Suppose 43 = 4*t - 21. Let o(x) = -7*x + 2. What is the remainder when t is divided by o(-1)?
7
Suppose -5*p = -21 - 59. What is the remainder when 0 + (0 - -31 - 1) is divided by (-1)/((p/44)/(-4))?
8
Let h(x) = -x**3 - 2*x**2 + x - 3. Suppose -2*s = 2*s - 12. Let c(b) = -b**3 + 5*b**2 - 2*b + 1. What is the remainder when h(-4) is divided by c(s)?
12
Suppose 5*c + 5 = 0, -5*i - 4*c + 40 = -9*c. Let q = 20 + -8. Calculate the remainder when q is divided by i.
5
Suppose 0 = m - 24 + 15. What is the remainder when 25 is divided by m?
7
Let n(c) = 15*c - 3. What is the remainder when n(4) is divided by 15?
12
Let u = -6 + 15. What is the remainder when 25 is divided by u?
7
Suppose 0 = 5*h - 3*h - 34. Let g = -1 - -1. Let v = g + 6. Calculate the remainder when h is divided by v.
5
Let a = 43 - 31. What is the remainder when 46 is divided by a?
10
Let y = -41 - -42. Calculate the remainder when 4 is divided by y.
0
Let j(w) = w**2 - 8*w + 4. Suppose 3*l - 32 = -l. Let z be j(l). Suppose -5*k = -m - 0 - 23, z*m = -3*k. Calculate the remainder when 6 is divided by k.
2
Let p = 13 - 35. Suppose -5*x = 4*k - k + 9, -5*x - 6 = 2*k. Let o = x - p. What is the remainder when o is divided by 8?
6
Let r(t) = t**3 + 8*t**2 + 8*t. Let s be r(-7). What is the remainder when 13 is divided by 3 + -3 - 2 - s?
3
Suppose -4*w = -8*w + 508. Calculate the remainder when w is divided by 43.
41
Suppose 4*l = v + 40, 0*l + 3*v = -l - 3. What is the remainder when l is divided by 4?
1
Let p(n) = 3*n + 7. What is the remainder when p(9) is divided by 12?
10
Let j(o) = o**2 - 5*o - 8. Let l be j(6). Let b = 0 - l. Suppose -10 = -u - b. Calculate the remainder when 23 is divided by u.
7
Let w be ((-1)/(-2))/((-6)/(-12)). Let b(x) = 8*x**3 + x**2 + x - 1. Calculate the remainder when b(w) is divided by 6.
3
Calculate the remainder when 201 is divided by 0/(-1) - (-170)/10.
14
Let n = -15 - -23. Calculate the remainder when 3 is divided by 28/n + (-1)/2.
0
Suppose -3*c - a + 9 = 46, -3*c = -4*a + 62. Let v be 3/(-6) + c/(-4). Suppose 5*x - 44 = v*x. What is the remainder when x is divided by 12?
10
Let k be (-4)/(-6)*3 - -7. Suppose -i + k = -12. Calculate the remainder when i is divided by 11.
10
Let n(l) 